e
Is 36592 a multiple of 4?
True
Is 297303 a multiple of 14?
False
Is 3 a factor of 498366?
True
Is 2160978 a multiple of 9?
False
Does 622 divide 14380995?
False
Does 287 divide 3755?
False
Is 247024 a multiple of 51?
False
Is 221 a factor of 17889066?
True
Is 559995 a multiple of 89?
False
Is 23 a factor of 671866?
False
Does 39 divide 487238?
False
Is 114 a factor of 830163?
False
Is 1247224 a multiple of 48?
False
Does 2 divide 372391?
False
Does 378 divide 229992?
False
Does 25 divide 164742?
False
Is 465455 a multiple of 127?
True
Is 10 a factor of 380120?
True
Does 11 divide 973996?
False
Is 13 a factor of 631993?
False
Is 230 a factor of 7043520?
True
Is 1428 a factor of 442680?
True
Is 13 a factor of 62998?
True
Is 12 a factor of 59484?
True
Does 10 divide 2754255?
False
Is 154 a factor of 8759604?
False
Is 291496 a multiple of 795?
False
Is 132 a factor of 372982?
False
Is 10699224 a multiple of 47?
False
Does 18 divide 13092228?
True
Is 940086 a multiple of 298?
False
Does 2239 divide 4647315?
False
Is 24 a factor of 92376?
True
Is 50 a factor of 566450?
True
Is 37 a factor of 447959?
True
Does 147 divide 522291?
True
Does 7 divide 251601?
True
Does 95 divide 145635?
True
Is 97 a factor of 152387?
True
Is 216722 a multiple of 34?
False
Is 446 a factor of 2117162?
True
Is 192 a factor of 460608?
True
Is 4680 a multiple of 30?
True
Does 1094 divide 10940?
True
Is 5 a factor of 1187213?
False
Is 127595 a multiple of 5?
True
Does 411 divide 80145?
True
Is 34 a factor of 37915?
False
Is 75 a factor of 332761?
False
Does 21 divide 180747?
True
Is 111 a factor of 129759?
True
Is 6 a factor of 829962?
True
Is 10640554 a multiple of 11?
False
Does 23 divide 4331369?
False
Is 3095625 a multiple of 381?
True
Does 50 divide 7582005?
False
Is 671349 a multiple of 147?
True
Is 9 a factor of 275869?
False
Is 15 a factor of 97425?
True
Is 954042 a multiple of 12?
False
Does 9 divide 262692?
True
Is 3979865 a multiple of 37?
False
Is 2572680 a multiple of 66?
True
Is 120 a factor of 879600?
True
Is 130347 a multiple of 131?
False
Is 21483 a multiple of 7?
True
Does 9 divide 5792798?
False
Is 45 a factor of 166276?
False
Is 7 a factor of 78385?
False
Is 2935236 a multiple of 139?
False
Does 565 divide 8123570?
True
Is 183290 a multiple of 6?
False
Is 2538254 a multiple of 603?
False
Is 1756937 a multiple of 13?
True
Is 12 a factor of 1841484?
True
Is 297375 even?
False
Does 11 divide 279712?
False
Is 152981 a multiple of 157?
False
Is 355 a factor of 781000?
True
Is 75 a factor of 505742?
False
Is 2985535 a multiple of 368?
False
Is 44 a factor of 503209?
False
Does 53 divide 4110431?
False
Does 185 divide 5496905?
True
Is 10 a factor of 133429?
False
Is 29 a factor of 215065?
False
Is 834476 a multiple of 916?
True
Is 9 a factor of 632646?
True
Is 1118378 a multiple of 38?
True
Does 4 divide 1473568?
True
Does 1331 divide 10439033?
True
Does 209 divide 35801?
False
Is 367659 a multiple of 109?
False
Is 459 a factor of 347189?
False
Is 197063 even?
False
Does 18 divide 659717?
False
Does 197 divide 26306?
False
Does 51 divide 34598722?
False
Does 11 divide 68029?
False
Is 895160 a multiple of 12?
False
Is 57 a factor of 2207394?
False
Does 31 divide 95077?
True
Is 91 a factor of 134589?
True
Does 15 divide 672165?
True
Is 72 a factor of 3014064?
True
Is 229 a factor of 329531?
True
Is 1484652 a multiple of 26?
True
Does 3 divide 2192935?
False
Does 328 divide 12934680?
True
Is 1710604 a multiple of 14?
True
Is 54717 a multiple of 38?
False
Is 665 a factor of 150955?
True
Is 22 a factor of 176088?
True
Is 9545328 a multiple of 18?
True
Does 62 divide 212704?
False
Does 15 divide 436524?
False
Is 3739739 a multiple of 12?
False
Is 5 a factor of 374872?
False
Is 4901890 a multiple of 35?
True
Does 44 divide 77865?
False
Is 3148689 a multiple of 1040?
False
Does 369 divide 1808838?
True
Is 320544 a multiple of 27?
True
Is 432 a factor of 402393?
False
Does 5 divide 448785?
True
Does 712 divide 800288?
True
Does 56 divide 212912?
True
Is 226038 a multiple of 5?
False
Is 1142634 a multiple of 111?
True
Is 10 a factor of 343820?
True
Is 10468064 a multiple of 16?
True
Is 5 a factor of 34697?
False
Is 379 a factor of 1311240?
False
Is 430 a factor of 46946?
False
Is 337162 a multiple of 14?
True
Does 6 divide 190266?
True
Does 15 divide 435429?
False
Is 20 a factor of 172140?
True
Does 683 divide 438486?
True
Does 7 divide 13721?
False
Does 10 divide 97930?
True
Is 6 a factor of 1746168?
True
Is 82446 a multiple of 151?
True
Does 19 divide 13079438?
False
Does 24 divide 174408?
True
Is 10486227 a multiple of 1078?
False
Is 41 a factor of 158984?
False
Is 58 a factor of 1287774?
True
Is 52582 a multiple of 122?
True
Does 53 divide 369511?
False
Does 2 divide 142672?
True
Does 1490 divide 14531970?
True
Is 216 a factor of 2427840?
True
Is 43 a factor of 81270?
True
Is 1212 a factor of 1839816?
True
Is 83 a factor of 91798?
True
Is 192 a factor of 231452?
False
Is 1045363 a multiple of 69?
False
Is 457679 a multiple of 57?
False
Is 1431280 a multiple of 10?
True
Is 38 a factor of 1475730?
True
Is 414 a factor of 40986?
True
Is 22167 a multiple of 12?
False
Is 10103239 a multiple of 181?
True
Is 886893 a multiple of 17?
False
Is 2 a factor of 252831?
False
Is 52899 a multiple of 67?
False
Is 32 a factor of 210569?
False
Does 38 divide 88425?
False
Is 516 a factor of 11481000?
True
Does 158 divide 120994?
False
Is 101877 a multiple of 29?
True
Is 53 a factor of 343653?
False
Does 1874 divide 28492294?
False
Is 2 a factor of 875903?
False
Is 10 a factor of 342424?
False
Does 541 divide 2543241?
True
Is 3995327 a multiple of 7?
True
Does 2782 divide 20225140?
True
Is 108960 a multiple of 40?
True
Does 280 divide 2822017?
False
Does 75 divide 1013700?
True
Is 258258 a multiple of 66?
True
Is 38 a factor of 144382?
False
Is 266 a factor of 497108?
False
Is 759696 a multiple of 238?
True
Is 691330 a multiple of 257?
True
Does 264 divide 727848?
True
Does 233 divide 325734?
True
Is 67 a factor of 304515?
True
Does 9 divide 6819?
False
Does 498 divide 260156?
False
Does 313 divide 607628?
False
Is 122 a factor of 228979?
False
Does 150 divide 84900?
True
Does 149 divide 13015001?
True
Is 2075543 a multiple of 41?
True
Is 294870 a multiple of 97?
False
Is 722464 a multiple of 16?
True
Is 155 a factor of 1484888?
False
Is 25 a factor of 270024?
False
Is 101483 a multiple of 67?
False
Is 2 a factor of 189690?
True
Is 1012740 a multiple of 1972?
False
Does 25 divide 186525?
True
Is 188 a factor of 1810958?
False
Is 11257344 a multiple of 56?
True
Is 14 a factor of 492676?
False
Does 645 divide 926865?
True
Is 67 a factor of 4757?
True
Does 99 divide 93426?
False
Is 56 a factor of 95368?
True
Does 1463 divide 3047429?
True
Is 143 a factor of 11138270?
True
Is 692190 a multiple of 5?
True
Is 2398 even?
True
Is 1891497 a multiple of 69?
True
Is 778107 a multiple of 803?
True
Is 896366 a multiple of 34?
False
Does 209 divide 526053?
True
Is 680 a factor of 1512320?
True
Does 2 divide 635?
False
Does 316 divide 3476?
True
Is 13716612 a multiple of 117?
True
Is 8 a factor of 2362620?
False
Is 1951395 a multiple of 501?
True
Does 38 divide 1540368?
True
Is 12 a factor of 685034?
False
Does 169 divide 2246103?
False
Is 18 a factor of 918541?
False
Is 204516 even?
True
Is 137646 a multiple of 18?
True
Is 353718 a multiple of 129?
True
Does 10 divide 537400?
True
Is 21 a factor of 300494?
False
Is 668 a factor of 3589401?
False
Does 300 divide 213900?
True
Is 659146 a multiple of 305?
False
Is 532744 a multiple of 24?
False
Is 131 a factor of 653297?
True
Is 7 a factor of 159042?
False
Is 248887 a multiple of 488?
False
Does 7 divide 114596?
False
Is 1323036 a multiple of 31?
False
Is 492 a factor of 4499340?
True
Does 11 divide 2283651?
False
Does 59 divide 5433147?
False
Is 217 a factor of 14521?
False
Does 673 divide 3340099?
True
Is 17 a factor of 34014?
False
Does 4 divide 2286429?
False
Does 29 divide 46139?
True
Does 69 divide 46920?
True
Is 2760822 a multiple of 18?
True
Does 650 divide 7724600?
True
Does 92 divide 13504?
False
Does 73 divide 505744?
True
Is 10 a factor of 4167631?
False
Is 33 a factor of 12186900?
True
Is 6829977 a multiple of 291?
False
Does 35 divide 